rmine r(-13).
1
Let m(o) = 22*o**2 - 9*o - 9. What is m(-2)?
97
Let x(k) = 6*k**2 + 733*k + 1460. Calculate x(-2).
18
Let y(f) = -f**2 + 6*f + 59. Calculate y(-11).
-128
Let s(w) = -w**2 + 77*w - 1395. Determine s(46).
31
Let q(l) = 3*l**2 - 75*l + 120. Determine q(21).
-132
Let s(x) = 64*x - 423. Give s(8).
89
Let y(k) = -412*k + 416. Determine y(1).
4
Let z(v) = -2*v**3 - 8*v**2 + 3*v - 126. Give z(0).
-126
Let h(j) = j**3 - 9*j**2 + 5*j + 15. What is h(4)?
-45
Let r(p) = 1758*p + 1766. Give r(-1).
8
Let q(m) = m**3 + 27*m**2 + 72*m + 544. Calculate q(-25).
-6
Let k(l) = 459*l - 4590. Determine k(10).
0
Let h(z) = z**2 - 121*z - 6038. Determine h(159).
4
Let b(f) = -89*f**2 - 6688*f - 969. Determine b(-75).
6
Let v(u) = u**2 + 143*u - 2369. Give v(15).
1
Let i(d) = -d**2 - 86*d - 409. Give i(-81).
-4
Let u(i) = -154*i + 2336. Give u(15).
26
Let i(s) = -2*s**2 + 61*s - 394. What is i(9)?
-7
Let h(b) = b**3 + 14*b**2 + 29*b + 85. Determine h(-14).
-321
Let g(k) = 400*k**2 - 1195*k - 8. Calculate g(3).
7
Let u(r) = r**2 - 416*r - 2491. Give u(-6).
41
Let q(z) = -622*z**2 - 16796*z - 69. What is q(-27)?
-15
Let a(g) = 315*g - 945. What is a(3)?
0
Let j(f) = -2*f**2 - 68*f + 141. Give j(-28).
477
Let v(l) = l**3 - 40*l**2 - 15*l + 516. Give v(40).
-84
Let v(s) = 2*s**2 + 68*s - 372. Calculate v(5).
18
Let u(i) = -i**2 + 35*i - 215. Give u(7).
-19
Let h(v) = -7039*v + 42247. Calculate h(6).
13
Let f(r) = -105*r - 830. Determine f(-8).
10
Let b(q) = -5*q**2 + 315*q - 5. Give b(63).
-5
Let t(x) = 9*x**2 + 79*x + 43. Give t(-16).
1083
Let z(b) = -9*b**3 - 54*b**2 - 65*b - 377. Determine z(-6).
13
Let g(p) = -p**3 + 14*p**2 + 19*p - 28. What is g(15)?
32
Let a(k) = k**3 - 7*k**2 + 22*k - 120. What is a(6)?
-24
Let t(m) = 2*m**3 - 54*m**2 + 66. Determine t(27).
66
Let c(t) = 399*t + 191. Give c(-1).
-208
Let b(l) = 66*l + 178. Determine b(-3).
-20
Let g(a) = -2*a**2 - 42*a + 798. Give g(12).
6
Let h(q) = -q**2 - 99*q - 2029. Calculate h(-29).
1
Let n(y) = 137*y**3 - 2*y**2 + 76*y + 77. Calculate n(-1).
-138
Let b(o) = -o**3 - 13*o**2 + 32*o + 142. What is b(-14)?
-110
Let c(t) = -2*t**3 + 74*t**2 - 117*t + 1479. Calculate c(36).
-141
Let f(z) = -2*z**3 - 46*z**2 - 34*z - 839. Give f(-23).
-57
Let b(h) = h**3 + 2*h**2 + 27*h - 233. Determine b(6).
217
Let h(k) = k**3 - 42*k + 16. Give h(6).
-20
Let d(t) = -3748*t + 123699. Determine d(33).
15
Let l(s) = -s**2 - 360*s - 25343. What is l(-96)?
1
Let t(h) = 38*h**2 - 151*h - 8. What is t(4)?
-4
Let i(g) = 27*g + 660. Calculate i(-25).
-15
Let u(j) = -j**2 + 135*j - 4115. Give u(86).
99
Let r(c) = -2*c**3 - c**2 - 17*c - 17. What is r(-1)?
1
Let s(d) = -3*d**2 + 1089*d + 5422. Determine s(-5).
-98
Let o(w) = -13*w**2 + 37*w + 555. Give o(8).
19
Let j(g) = -g**3 + 49*g**2 - 248*g - 5. Determine j(6).
55
Let p(l) = -3*l**2 + 76*l. Determine p(11).
473
Let p(k) = -k**3 + 6*k**2 + 72*k - 274. Give p(10).
46
Let c(y) = -y**3 + 36*y**2 - 310*y + 59. Calculate c(14).
31
Let p(q) = -q**2 - 51*q + 35. Give p(-53).
-71
Let t(p) = -p**3 + 48*p**2 - 216*p - 129. Determine t(43).
-172
Let m(o) = -o**3 - 7*o**2 + 18*o - 16. What is m(-9)?
-16
Let g(i) = 3*i**2 + 27*i + 33. Calculate g(-8).
9
Let l(k) = 2098*k - 10479. Calculate l(5).
11
Let m(r) = -4*r**2 + 5*r + 109. Give m(13).
-502
Let x(j) = 1112*j + 6676. Determine x(-6).
4
Let o(d) = d**2 - 20*d - 32. What is o(11)?
-131
Let n(u) = 758*u + 10028. Give n(-13).
174
Let s(y) = y**3 - 36*y**2 - 114*y - 95. Determine s(39).
22
Let l(g) = 9*g**3 - 6*g**2 - 6*g - 2. Determine l(-1).
-11
Let v(q) = -q**2 + 25*q + 134. Determine v(28).
50
Let m(h) = -h**3 - 56*h**2 + 443*h + 77. Calculate m(-63).
-49
Let i(j) = -60*j**3 + j**2 - 263*j + 262. Calculate i(1).
-60
Let b(i) = 33*i - 1109. What is b(34)?
13
Let r(v) = -5*v**2 - 43*v - 35. What is r(-7)?
21
Let z(v) = 2*v**2 + 50*v + 739. Determine z(0).
739
Let i(n) = -7*n**2 - 11*n + 15. What is i(-4)?
-53
Let b(h) = h**3 + 2*h**2 + 12*h + 58. What is b(-3)?
13
Let o(h) = 465*h + 1382. Determine o(-3).
-13
Let d(i) = -i**3 + i + 93. Determine d(-4).
153
Let h(f) = 30*f**2 + 514*f + 57. Give h(-17).
-11
Let i(r) = 2*r**3 - 154*r**2 - 156*r + 7. Calculate i(78).
7
Let i(w) = 304*w**3 - 13*w**2 + 16*w - 3. Calculate i(1).
304
Let f(o) = -135*o - 139. What is f(5)?
-814
Let t(a) = -5*a**3 + 36*a**2 + 31*a + 16. Calculate t(8).
8
Let v(n) = 78*n - 1555. What is v(20)?
5
Let d(u) = u**3 - 17*u**2 - 386*u + 6612. What is d(19)?
0
Let u(m) = 6*m**2 - 92*m + 220. Give u(12).
-20
Let k(q) = -2*q**2 - 249*q + 1296. Calculate k(5).
1
Let v(x) = -x**3 + 19*x**2 - 72*x + 7. What is v(5)?
-3
Let o(y) = y**3 - 17*y**2 + 15*y + 26. Determine o(15).
-199
Let c(f) = 2*f**2 - 74*f + 351. Determine c(5).
31
Let w(f) = -17*f**2 + 14*f + 27. What is w(-2)?
-69
Let n(v) = -v**3 + 67*v**2 + 4*v + 533. Give n(67).
801
Let m(p) = -2*p**2 + 24*p + 34. Determine m(14).
-22
Let m(p) = p**3 + 38*p**2 - 28*p - 185. Determine m(-39).
-614
Let k(i) = i**3 + 16*i**2 - 8*i + 103. Calculate k(-17).
-50
Let p(n) = -n**2 - 37*n - 5. Determine p(0).
-5
Let u(y) = 3*y**2 + 65*y + 366. Determine u(-10).
16
Let m(x) = x**3 - 12*x**2 + 11*x - 141. What is m(12)?
-9
Let o(v) = -v**3 - 60*v**2 + 69. What is o(-60)?
69
Let l(z) = -272*z - 4. Determine l(0).
-4
Let x(c) = -c**2 + 7*c + 11102. What is x(-102)?
-16
Let t(b) = 62*b**2 + 497*b + 6. What is t(-8)?
-2
Let a(v) = 69*v**2 - 5518*v - 159. Give a(80).
1
Let t(l) = -l**2 - 4*l + 286. Calculate t(-19).
1
Let w(o) = -27*o**3 - o**2 + 5*o - 13. Give w(2).
-223
Let m(v) = -v**2 + 5*v - 7. Determine m(-5).
-57
Let r(n) = 29*n**2 + 40*n - 5. What is r(1)?
64
Let p(y) = -26*y - 324. Give p(-11).
-38
Let u(b) = -12*b**2 + 1754*b - 292. Calculate u(146).
0
Let o(h) = h**3 - 30*h**2 + 119*h + 25. Determine o(5).
-5
Let s(g) = -g**3 - 6*g**2 - 59*g - 445. Determine s(-7).
17
Let d(b) = 510*b + 42845. Give d(-84).
5
Let g(m) = 18*m + 57. Determine g(5).
147
Let j(z) = -9*z - 194. What is j(2)?
-212
Let p(v) = v**3 + 9*v**2 - 23*v + 15. Determine p(3).
54
Let d(t) = 2*t**3 - 11*t**2 + 20*t - 95. Give d(6).
61
Let g(m) = -3*m**3 - 98*m**2 + 40*m + 271. Determine g(-33).
40
Let j(k) = 4*k**2 + 59*k + 37. Determine j(-15).
52
Let t(c) = 10*c**2 - 126*c + 408. Calculate t(8).
40
Let a(d) = -38*d**2 + 17*d. Calculate a(-1).
-55
Let g(j) = 3*j**2 + 62*j + 198. Calculate g(-3).
39
Let h(k) = -120*k**2 - 7*k - 6. What is h(-1)?
-119
Let x(o) = -9*o**2 - 5*o + 19. Give x(2).
-27
Let x(q) = -2*q - 158. What is x(-73)?
-12
Let i(y) = y**3 - 10*y**2 + 7*y - 62. Give i(10).
8
Let c(p) = p**3 - 6*p**2 + 34*p - 197. Give c(5).
-52
Let r(t) = 3*t**2 + 147*t + 217. What is r(-47)?
-65
Let a(f) = -6*f**2 - 20*f - 29. Give a(-3).
-23
Let o(u) = -33*u - 214. Calculate o(-6).
-16
Let v(d) = -238*d - 1676. Determine v(-7).
-10
Let z(f) = -3*f - 35. What is z(46)?
-173
Let z(c) = 65*c + 1491. Determine z(-22).
61
Let p(v) = -14*v**2 + 101*v - 60. Give p(8).
-148
Let q(o) = 8*o**2 - 20*o + 10. Give q(2).
2
Let r(z) = 10*z - 368. What is r(37)?
2
Let b(y) = -3*y**3 - 25*y**2 + 16*y - 37. What is b(-11)?
755
Let g(o) = -o**3 + 19*o**2 + 19*o + 60. What is g(21)?
-423
Let a(i) = 159*i - 14165. What is a(89)?
-14
Let c(d) = -38*d - 306. What is c(-7)?
-40
Let f(y) = 2720*y - 19. Determine f(0).
-19
Let p(j) = 178*j + 19386. Calculate p(-109).
-16
Let t(v) = 2*v**2 + 29*v + 39. Calculate t(-13).
0
Let s(i) = -6*i**2 - 92*i - 30. Calculate s(-14).
82
Let n(d) = -15*d**3 - 4*d**2 + 2*d + 5. Determine n(-2).
105
Let b(z) = -z**2 - 37*z - 304. What is b(-16)?
32
Let t(f) = 2*f**3 + 46*f**2 + 44*f + 5. Give t(-22).
5
Let w(i) = i**2 + 63*i + 540. What is w(-13)?
-110
Let i(z) = -6*z**2 + 4*z + 49. Determine i(-5).
-121
Let t(s) = -s**2 - 22*s + 152. What is t(6)?
-16
Let p(n) = 182*n + 1825. Calculate p(-11).
-177
Let i(p) = p**2 - 44*p - 88. What is i(46)?
4
Let g(n) = -138*n + 5386. What is g(39)?
4
Let r(y) = -11*y**3 - 19*y**2 + 38*y + 18. Give r(3).
-336
Let v(b) = 2*b - 158. What is v(15)?
-128
Let f(h) = -160*h - 3525. Calculate f(-22).
-5
Let a(l) = 44*l - 76. What is a(7)?
232
Let z(t) = t**3 + 81*t**2 + 1130*t - 257. What is z(-63)?
-5
Let y(i) = -4*i**3 + 47*i**2 + 14*i - 19. Give y(12).
5
Let n(m) = m**3 - 36*m**2 - 163*m - 6. Determine n(40).
-126